e number?
True
Is 35729 a composite number?
False
Is 1771849 a prime number?
True
Is 9403 a prime number?
True
Is 1973 a composite number?
False
Is 762707 prime?
False
Is 967 composite?
False
Is 4703 prime?
True
Is 16438 composite?
True
Is 689 a prime number?
False
Is 25427 composite?
True
Is 69769 a prime number?
False
Is 3299 composite?
False
Is 77383 composite?
False
Is 765659 prime?
True
Is 13591 composite?
False
Is 22423 a composite number?
True
Is 36083 prime?
True
Is 68329 composite?
False
Is 258203 a prime number?
False
Is 8191 a prime number?
True
Is 103549 a composite number?
False
Is 9961 a prime number?
False
Is 6998 a composite number?
True
Is 55101 a composite number?
True
Is 907 a composite number?
False
Is 18623 a composite number?
True
Is 1151 composite?
False
Is 134473 composite?
True
Is 647213 a composite number?
True
Is 631 prime?
True
Is 38953 a prime number?
True
Is 3961813 a composite number?
False
Is 421877 a composite number?
True
Is 86705 composite?
True
Is 6761 composite?
False
Is 139169 prime?
True
Is 99703 prime?
False
Is 61279 composite?
True
Is 38195 prime?
False
Is 4907 prime?
False
Is 406711 composite?
True
Is 451849 a composite number?
True
Is 67333 prime?
False
Is 232835 prime?
False
Is 19031 composite?
False
Is 19277 a prime number?
False
Is 49589 a composite number?
True
Is 8263 prime?
True
Is 33697 a prime number?
False
Is 35589 composite?
True
Is 1397 composite?
True
Is 1027011 a prime number?
False
Is 33257 a composite number?
True
Is 18181 a prime number?
True
Is 1711 prime?
False
Is 134533 a prime number?
False
Is 612311 composite?
True
Is 1057781 a prime number?
True
Is 162937 a composite number?
False
Is 117799 a composite number?
True
Is 36143 prime?
False
Is 911343 composite?
True
Is 2579 composite?
False
Is 736357 a composite number?
False
Is 1218853 composite?
False
Is 271493 composite?
True
Is 2520769 prime?
True
Is 35611 prime?
False
Is 3669 a composite number?
True
Is 8999 a composite number?
False
Is 1497137 composite?
True
Is 254957 prime?
False
Is 8263 a prime number?
True
Is 21787 prime?
True
Is 401735 a composite number?
True
Is 284857 a composite number?
False
Is 551 a prime number?
False
Is 347671 prime?
True
Is 573178 composite?
True
Is 86813 a composite number?
False
Is 371713 a prime number?
False
Is 26305 composite?
True
Is 44249 a prime number?
True
Is 128813 a prime number?
True
Is 83047 prime?
True
Is 69427 a composite number?
False
Is 1497 a composite number?
True
Is 1763 a prime number?
False
Is 1664367 composite?
True
Is 22921 prime?
True
Is 2209027 a composite number?
False
Is 541 a prime number?
True
Is 440421 prime?
False
Is 56767 a composite number?
False
Is 6115 composite?
True
Is 104033 a prime number?
True
Is 36745 a composite number?
True
Is 5694383 prime?
False
Is 7393 composite?
False
Is 12391 a composite number?
False
Is 161609 a prime number?
False
Is 3506645 composite?
True
Is 1135709 prime?
False
Is 106903 a composite number?
False
Is 78977 a prime number?
True
Is 7517 prime?
True
Is 4781039 composite?
False
Is 29917 prime?
True
Is 146977 a composite number?
False
Is 702767 prime?
False
Is 52907 a prime number?
False
Is 72951 prime?
False
Is 2491 a composite number?
True
Is 913421 a composite number?
False
Is 7543 a composite number?
True
Is 12689 a prime number?
True
Is 698641 a composite number?
False
Is 382397 a composite number?
True
Is 363313 a composite number?
False
Is 18397 a prime number?
True
Is 251 a prime number?
True
Is 34885 composite?
True
Is 3796921 prime?
True
Is 27509 a composite number?
False
Is 1205 a composite number?
True
Is 11243 a prime number?
True
Is 137461 a prime number?
False
Is 10559 prime?
True
Is 71701 prime?
False
Is 8059 a composite number?
False
Is 316867 prime?
False
Is 68359 composite?
True
Is 42707 a prime number?
False
Is 285422 prime?
False
Is 121039 prime?
True
Is 741337 a prime number?
True
Is 25579 composite?
False
Is 10643 prime?
False
Is 15833 composite?
True
Is 2149 a composite number?
True
Is 208007 a composite number?
True
Is 32477 a prime number?
False
Is 77317 prime?
True
Is 75821 composite?
False
Is 15401 prime?
True
Is 277757 a composite number?
False
Is 29269 a prime number?
True
Is 17183 prime?
True
Is 30863 a composite number?
True
Is 598591 prime?
False
Is 859 a composite number?
False
Is 743 prime?
True
Is 10533 composite?
True
Is 39647 a composite number?
True
Is 6001 a prime number?
False
Is 114571 prime?
True
Is 315179 a composite number?
False
Is 3719 a composite number?
False
Is 16129 a composite number?
True
Is 18023 a prime number?
False
Is 1532029 a composite number?
False
Is 979 a prime number?
False
Is 31463 prime?
False
Is 14281 composite?
False
Is 1961 prime?
False
Is 7003 a composite number?
True
Is 1337 a composite number?
True
Is 17581 prime?
True
Is 176741 a composite number?
False
Is 4103659 composite?
True
Is 14897 composite?
False
Is 41669 a composite number?
False
Is 126263 composite?
True
Is 516109 composite?
True
Is 775807 a prime number?
True
Is 163019 composite?
False
Is 10198 prime?
False
Is 732901 composite?
True
Is 37039 a composite number?
False
Is 12169 a prime number?
False
Is 3427 prime?
False
Is 102623 prime?
False
Is 29941 a prime number?
False
Is 690167 a prime number?
False
Is 8419 composite?
False
Is 25423 composite?
False
Is 1257 prime?
False
Is 8331 composite?
True
Is 557 a composite number?
False
Is 117529 a composite number?
False
Is 791471 composite?
True
Is 124573 a prime number?
False
Is 117877 composite?
False
Is 161857 a prime number?
False
Is 22313 a composite number?
True
Is 1072619 composite?
True
Is 528131 a prime number?
True
Is 15395 composite?
True
Is 51257 prime?
True
Is 4493 prime?
True
Is 526273 a composite number?
True
Is 45557 prime?
True
Is 282869 composite?
False
Is 110101 prime?
False
Is 2022659 composite?
False
Is 81311 composite?
True
Is 1623 a prime number?
False
Is 1328069 a composite number?
True
Is 3953669 composite?
False
Is 63763 composite?
True
Is 6731 a prime number?
False
Is 82751 a prime number?
False
Is 706507 a composite number?
False
Is 298273 a composite number?
True
Is 257529 composite?
True
Is 104573 composite?
True
Is 1100107 a composite number?
True
Is 142001 a composite number?
True
Is 2218 composite?
True
Is 127477 prime?
False
Is 4783 composite?
False
Is 9547 prime?
True
Is 34219 prime?
False
Is 1336873 prime?
True
Is 37399 a composite number?
True
Is 86107 prime?
False
Is 1477 composite?
True
Is 6311 prime?
True
Is 924377 a prime number?
False
Is 46173 prime?
False
Is 12367 a prime number?
False
Is 39013 composite?
True
Is 58502 a prime number?
False
Is 746527 composite?
True
Is 6031 a prime number?
False
Is 53581 a prime number?
False
Is 22769 prime?
True
Is 20261 a composite number?
False
Is 21767 a composite number?
False
Is 86881 a composite number?
True
Is 86081 a composite number?
True
Is 445537 a composite number?
False
Is 6899 prime?
True
Is 1973 a prime number?
True
Is 3707 prime?
False
Is 172697 a prime number?
False
Is 45159 prime?
False
Is 2161 composite?
False
Is 10541 a composite number?
True
Is 4847 a prime number?
False
Is 155809 composite?
False
Is 17482 a prime number?
False
Is 1490631 prime?
False
Is 14019 composite?
True
Is 406079 composite?
True
Is 216113 a prime number?
True
Is 201959 prime?
False
Is 71431 a composite number?
True
Is 115315 a composite number?
True
Is 172982 a composite number?
True
Is 3394 a composite number?
True
Is 24407 prime?
True
Is 327003 a composite number?
True
Is 4183639 a composite number?
False
Is 60341 prime?
False
Is 28673 a composite number?
True
Is 395282 a composite number?
True
Is 200143 a composite number?
True
Is 81853 a prime number?
True
Is 12763 a prime number?
True
Is 213205 a composite number?
True
Is 850561 prime?
False
Is 15259 a prime number?
True
Is 371731 a prime number?
False
Is 61837 composite?
False
Is 16087 a prime number?
True
Is 29173 a composite number?
False
Is 94771 prime?
True
Is 131093 composite?
True
Is 718801 a composite number?
False
Is 18773 composite?
False
Is 610027 prime?
False
Is 2557 prime?
True
Is 8419 a composite number?
False
Is 15127 a composite number?
True
Is 6287 a composite number?
False
Is 29485 prime?
False
Is 21085 a comp